0)/(-30)*(-2 - (-8 + 4)). Let t be ((-4512)/(-20))/((-2)/(-10)). Calculate the highest common divisor of h and t.
24
Let u be (-58)/(-3) + (-10)/(-15). Let f be (-16*u/(-56) + -2)*7. Calculate the highest common divisor of f and 52.
26
Let f be (40/60)/((-4)/(-18)). Suppose 0 = -5*t - f*z + 4675, 0 = 2*t - z - 2041 + 160. Calculate the greatest common divisor of t and 14.
14
Let c(o) = -o**3 + 11*o**2 + 13*o + 8. Let u = 14 + -2. Let z be c(u). Let n be 398/10 - (-20)/100. What is the greatest common factor of n and z?
20
Suppose 17*f + 36 = 19. Let b be (f/(-4))/(2/8). What is the greatest common factor of 21 and b?
1
Let q = 2267 + -2168. Suppose 3*n - 50 = -4*t, 0 = -n + 4*n + 3*t - 54. Calculate the greatest common divisor of q and n.
11
Suppose 265 = 5*k - 920. Let f = k - 123. Calculate the highest common factor of 38 and f.
38
Suppose -7*i + 33 = -37. Let b = 6 - i. Let v be 5 + (b - -8)*-1. What is the highest common divisor of v and 1?
1
Let o be (-253985)/(-205) - 4/(-82) - (-2 - 0). Calculate the greatest common factor of 511 and o.
73
Suppose -45 = -5*s + 3*f, 3*f - 13 = 2*s + 8*f. Let a be (10/(-20)*s)/((-3)/26). What is the highest common divisor of a and 130?
26
Let h(b) = -2*b**3 - 25*b**2 - 11*b + 31. Let a be h(-19). Suppose -3*j + 2001 = -5*i + a, 2*j - 2912 = -5*i. What is the greatest common factor of i and 8?
8
Suppose -3*x - 5 = -4*m, -4*x + 5*x + 5*m = 30. Suppose 477 = 4*l + x*q, -4*q + 133 = l - 0*q. Let p = 201 - l. What is the greatest common factor of 11 and p?
11
Let d(z) = -z**3 + 27*z**2 - 24*z - 28. Let k be d(26). Calculate the greatest common divisor of 4740 and k.
12
Let s be (80/(-6))/10*(-3)/(-2). Let q be (-4 + 2)*s/(-4)*-20. Let r be (10 - 4)/((-17)/q + 1). Calculate the highest common factor of 10 and r.
10
Suppose 0 = 35*z - 18*z + 170. Let o(l) = -50*l - 35. Let j be o(z). Calculate the highest common divisor of 15 and j.
15
Let i(c) be the third derivative of 0*c + 0 - 7/12*c**4 - 4*c**2 - 2/3*c**3. Let l be i(-6). Calculate the highest common divisor of l and 16.
16
Suppose -65*g = -7828 - 11997. Calculate the greatest common divisor of 5 and g.
5
Suppose z - b - 3907 = -4*z, -1560 = -2*z - b. Let t = z - 495. Calculate the greatest common factor of t and 13.
13
Suppose 5 = 3*c - 2*c. Let l(f) = -24*f - 304. Let b be l(-14). Suppose -29*k - 3 = -b. What is the highest common factor of c and k?
1
Let u be ((-15580)/164)/(1 - 2). Calculate the highest common divisor of u and 247.
19
Let r = -25407 - -26265. What is the greatest common divisor of r and 780?
78
Let m = 147 + -140. Let u(n) = 4*n - 7. Let s be u(m). Calculate the greatest common divisor of 77 and s.
7
Let s be ((-12)/10 + -3)*175/(-7). Let d = s + -90. Calculate the greatest common factor of d and 120.
15
Let u be ((-4)/26 - 680/650)*(-100 + -5). What is the highest common divisor of u and 8442?
126
Suppose -84 = 758*m - 759*m - 5*u, m = 3*u + 52. What is the highest common factor of m and 5312?
64
Suppose 6*f - 5*f = 2. Suppose 13 = -f*t - 11. Let y = t - -127. Calculate the highest common divisor of 23 and y.
23
Let r(j) = 212*j**2 + 17*j + 32. Let u be r(-2). Suppose -18*g + u = -9*g. Calculate the highest common divisor of g and 658.
94
Let z = 8339 - 8324. Let k(f) = -7*f + 4. Let p be k(-3). Calculate the greatest common divisor of p and z.
5
Let z be (-3)/9 + (-44)/(-6). Let f = 11 + z. Suppose 3*w + 1191 = 17*t, 3*t - 4*w = 405 - 233. Calculate the greatest common divisor of f and t.
18
Let r(g) = g**3 - 11*g**2 + 7*g. Let n be r(10). Let z = -5 - n. Suppose 2*a = 3 + z. What is the highest common factor of a and 98?
14
Let f(b) = -b**2 - 18*b + 246. Let u be f(-27). Calculate the highest common divisor of 2889 and u.
3
Let z(s) = -s**2 + 4*s. Let m be z(4). Let h be 5/(-5)*(m + -37). What is the highest common factor of 37 and h?
37
Let h(f) = 139*f + 438. Let l(g) = -1808*g - 5696. Let w(x) = -64*h(x) - 5*l(x). Let i be w(10). What is the highest common divisor of 59 and i?
59
Let j(m) = 2*m + 54. Let w be j(-19). Suppose -w*k + 650 = -6*k. What is the greatest common factor of 52 and k?
13
Let y = -532 + 524. Let c be (4 + -5)*(4 + y). What is the highest common factor of c and 52?
4
Suppose 89*m - 52*m = 92*m - 4950. Let l be 1 + -2*(-3)/(-2). Let a be 29 - (3 + -1)/l. Calculate the highest common divisor of m and a.
30
Suppose 2280 = 275*t - 215*t. Calculate the greatest common factor of 19798 and t.
38
Let v be 139 + 9 + 15 + -34. What is the highest common divisor of v and 24?
3
Let l(d) = -3*d**2 + 3*d + 24. Let m be l(9). Let r = m + 199. Calculate the greatest common factor of r and 112.
7
Let w be 1/(-2*(-3)/(-378))*(0 - 3). Suppose -3*y + 86 = 4*k - y, 5*y + 100 = 5*k. Calculate the highest common factor of w and k.
21
Suppose 8 = 20*s - 24*s, a - 5*s + 535 = 0. Let k = a + 1095. What is the greatest common factor of k and 10?
10
Suppose g - 567 = -561. Suppose -3*j - t + 3*t = -16, 3*j = -2*t + 20. What is the highest common divisor of g and j?
6
Let y = -33304 - -34176. Calculate the highest common divisor of 3270 and y.
218
Suppose 2268 = -78*z + 141*z. Let u(b) = 12*b - 20. Let n be u(6). What is the highest common factor of z and n?
4
Let o be ((-18921)/(-2226))/(2/4). What is the greatest common factor of o and 833?
17
Suppose -12*g = -10*g - 50*g + 432. Let v be (2 + 1 + -6)*-15. What is the highest common factor of g and v?
9
Let g = -13 - -1976. What is the highest common factor of 604 and g?
151
Let b(m) = 11*m**3 + 8*m**3 - m**2 + 2*m**2 + 3 - 20*m**3. Let w be b(2). Let x = 0 - w. What is the greatest common divisor of x and 3?
1
Let y be (-3 - 5 - -3)*-1 - (0 - 2885). What is the highest common divisor of y and 20?
10
Let o be (-1)/(2/(-9) + (-41)/(-225)). Let p(s) = s**2 - 24*s - 12. Let n be p(o). Calculate the greatest common factor of n and 26.
13
Suppose o + 162090 = 9*p, 184*o - 188*o = 4*p - 72080. What is the greatest common divisor of p and 434?
217
Suppose 9*g - 568 = 363 + 77. Calculate the greatest common divisor of g and 1176.
56
Suppose 3*s - 42*s = -624. Calculate the greatest common factor of 24 and s.
8
Let f(l) = -269*l + 1. Let z be f(-1). Suppose -m - 12*u + 37 = -7*u, -4*u + 3 = -3*m. Suppose -2*h + m*h = z. Calculate the highest common divisor of h and 9.
9
Let x = -3650 + 10598. Calculate the highest common divisor of x and 36.
36
Let d(j) = -37*j**2 - 2*j - 1. Let b be d(-1). Let t be 1372/42*(-1)/(3/b). Calculate the greatest common divisor of 8 and t.
8
Let c be (1 - 3/2) + 3480/(-48). Let q = -69 - c. Suppose -3*x = 4*s - 83, x = q*s - s - 46. What is the greatest common divisor of s and 153?
17
Suppose 5*m - 991 + 276 = 0. Let s = 466 - m. What is the highest common divisor of 19 and s?
19
Let l = -6 - -8. Suppose 12*p - 48 + 356 = 40*p. What is the highest common factor of l and p?
1
Suppose 7*u - 7356 + 2330 = 0. Suppose -46 + u = 8*g. Let j(n) = -n**3 + 7*n**2 - 2*n - 3. Let i be j(6). Calculate the highest common factor of g and i.
21
Let a(g) = -g**2 - 10*g + 110. Let c be a(-15). Suppose -c*u + 163 = -222. What is the highest common factor of 649 and u?
11
Let p(a) = -a - 1. Let o be p(-7). Suppose -11*x = -9*x - o. Suppose -2*k + y = -108, x*y = -0*k - k + 61. Calculate the greatest common divisor of k and 11.
11
Let n = 122 - 97. Suppose 23*w = n*w - 14. Let t(p) = -9*p + 2. Let c be t(-6). What is the greatest common divisor of w and c?
7
Let w(i) = 44*i**2 + 324*i + 120. Let n be w(-16). What is the highest common divisor of 20 and n?
20
Let q(d) = d**3 + 24*d**2 + 97*d + 30. Let n be q(-6). Let f be (-4)/3*(-50 + 2). Calculate the greatest common divisor of n and f.
32
Suppose 5*s - 1368 = 3*q, 0 = 3*s - 3*q + 5*q - 817. Let h = s + -220. What is the highest common factor of h and 424?
53
Let s(c) = 121*c + 63. Let v be s(25). What is the highest common factor of v and 579?
193
Let c be ((-84)/154)/((-30)/165). Calculate the highest common divisor of 1587 and c.
3
Let c be 2/11*-1 - (-270)/33. Let g be 5 + c + -5 + 4. Calculate the highest common factor of g and 276.
12
Let w be 11*(3 - (-6 + 8)) + -1. Suppose -w*p = -5*p - 645. Calculate the highest common divisor of p and 172.
43
Let k = -26 + 28. Let l be k/(-6) - (-16)/3. Suppose 4*x - 78 = -l*i, 0 = -4*x - 